 - 55 = 57. Is v*-1*6/l prime?
False
Suppose 0 = -3*y - 44 - 28. Is ((-2868)/y)/((-2)/(-4)) a prime number?
True
Let y(x) = 13*x**2 - 3*x - 8. Let d be y(-6). Let w be 3/(-6*(-1)/d). Suppose 3*v + 3*p - w - 1279 = 0, 2029 = 4*v + 3*p. Is v prime?
False
Suppose -4*o = 5*m - 253, -3*m = -0*o - o + 59. Let i = 143 + -662. Let b = o - i. Is b prime?
False
Let t = 3320 + 7169. Is t prime?
False
Suppose -30*d + 35*d - 20 = 0. Is (-1000 + (8 - 6))/(d/(-6)) a composite number?
True
Let k(c) = c**2 + 8*c + 4. Let o be k(-7). Let l = -17 - -24. Is (l + o - 3)*67 composite?
False
Suppose -4*g + 3*x = -3*g - 21, 0 = 3*x + 15. Let k = 12 - g. Suppose 2*j + j + k = 0, -5*j = 5*f - 545. Is f a composite number?
True
Let w be -3 + (-6)/3 + 70. Suppose 4*n + 5*d - 342 + 82 = 0, n - w = -d. Suppose 7*q - n = 2*q. Is q a prime number?
True
Suppose -22 = 3*h + 5*f, 3*f + 0 = 5*h - 20. Suppose -h - 7 = -u + 3*q, 0 = -3*q - 6. Suppose -u*w + 134 + 20 = 0. Is w a composite number?
True
Suppose -5*d + 3*t + 11668 = 0, -5*t + 6198 = 5*d - 5462. Is d prime?
True
Let f be (-1 - -4)*(2 - 1). Suppose 4*a - f*l - 289 = 826, -3*l + 1085 = 4*a. Suppose 4*i + a = m, -3*m + 8*m - 4*i - 1455 = 0. Is m a prime number?
False
Let n(g) = 127*g**2 + 2*g - 2. Let i(c) = -127*c**2 - 2*c + 2. Let z(m) = -6*i(m) - 5*n(m). Is z(1) a prime number?
True
Suppose -2*k = -4*g + 52, 2*k + 0*k - g + 43 = 0. Let s = k + 27. Let m(f) = 19*f - 4. Is m(s) composite?
True
Suppose 379 = -g - 210. Let w = g - -1392. Is w a composite number?
True
Let y(m) = -2*m + 3. Let g be y(2). Is g + -2 + (-1)/(7/(-12572)) prime?
False
Let t(j) = -2298*j - 13. Is t(-3) a prime number?
False
Is -5*-381*426/90 composite?
True
Is (1 - 5 - -3)*(3 + -590) prime?
True
Let d = -16 - -17. Let m = d - -3. Suppose m*o - 2*s - 362 = 0, 169 = -2*o + 4*o + 3*s. Is o a prime number?
True
Is (-9)/(-6)*((-26104)/(-6) - 10) a prime number?
False
Let c = -175 + 20. Suppose 2*j - 599 = -x, -j = -4*x - 82 - 204. Let q = j + c. Is q a composite number?
True
Let d = -3 - -5. Suppose 9*h = 8*h + d. Suppose -4*z + 3*w = -1170, 295 = z - 0*z - h*w. Is z composite?
True
Suppose 0 = 19*m - 1812573 + 246574. Is m composite?
False
Let h = -50 - -50. Suppose -7*a + 1810 + 745 = h. Is a composite?
True
Let y = -3 - -5. Let g be 20*(-8)/(-20) - 3*1. Suppose -1065 = -g*r - y*l, r + r - 447 = -5*l. Is r a composite number?
False
Let s(r) = 2*r**2 - 3*r - 1. Let d be s(3). Is (19 + -23)*(-286)/d composite?
True
Let c be (14/21)/((-1)/489). Let f = 481 + c. Is f prime?
False
Let u(b) = b**3 + 7*b**2 - 7*b - 1. Let a be u(-8). Let i be (-6)/a*(-27)/(-6). Let d(r) = 99*r - 2. Is d(i) a composite number?
True
Let o(a) = a**3 - 7*a**2 - a + 12. Let u be o(7). Suppose 0 = u*h - 1371 - 404. Is h composite?
True
Suppose x = -5, -g + 9 = g + x. Suppose g*a = a - 3288. Let z = -337 - a. Is z prime?
True
Suppose 0*b = 6*b - 2022. Suppose -738 = -4*a + 5*q, 3*a - b - 222 = q. Is a composite?
True
Let j(o) = 56 - 980*o - 106 + 59. Is j(-2) composite?
True
Is ((-14)/(-28))/(1/8110) prime?
False
Suppose -c + 5*v + 496 = 0, 6*v = 5*c + 2*v - 2375. Suppose 2*g + 4*x - 314 = -0*x, -3*g - 2*x + c = 0. Let b = 236 - g. Is b a composite number?
False
Is (((-154116)/30)/(-6))/((-1)/(-5)) composite?
True
Let o = 11 + 0. Let g = o + -6. Suppose 5*s - 4*s = -m + 290, g*s - 3*m = 1458. Is s composite?
True
Let v be (2/6)/(3/72). Suppose 0 = -5*z - 7 - v. Is -22*(z - 34/4) prime?
False
Let p(o) = -32*o**3 - o + 7. Suppose -3*v = 2*z, 3*z = 3*v - 7*v + 1. Is p(v) a prime number?
False
Suppose -5*w + 3 + 2 = 0. Suppose w = k + 3. Is 2/(k + (-180)/(-89)) a prime number?
True
Is ((-65639 - -4) + -4)*-1 a prime number?
False
Let q(o) = o**2 - 7*o - 9. Let p be q(9). Let n = -5 + p. Is (-20 - 11)/((-2)/n) composite?
True
Let l(c) be the first derivative of 4 + 31/2*c**2 - 6*c. Is l(7) composite?
False
Let i = -33351 + 102080. Is i composite?
False
Suppose 23*v = 47090 + 59561. Is v composite?
False
Suppose 22*p - 1674 = 21*p. Suppose -3*w = -p - 87. Is w a prime number?
True
Let d(p) = 1328*p - 187. Is d(7) a composite number?
False
Is (6 + -5)/((-29598)/29599 + 1) prime?
True
Let t = -1945 - -2997. Let o(k) = k**2 - 3*k + 1. Let u be o(4). Suppose 0 = v - u*v + t. Is v a composite number?
False
Is 1/(46626/(-11658) + 4) a composite number?
True
Let a(c) = 46*c**2 - 2*c - 6. Let h be a(-9). Suppose 0 = 6*i + 744 - h. Is i prime?
True
Let h = 12730 + 13729. Is h a composite number?
False
Is (3*(-3)/(-27))/((-36)/(-73764)) prime?
True
Suppose -33*l = -214540 - 500999. Is l prime?
True
Suppose -17 = 5*a + 133. Let j = 34 + a. Suppose -2*u - j*h + 50 = 0, -u + 4*h + 4 + 39 = 0. Is u composite?
False
Let a(p) = -5*p**3 + 5*p**2 - 4*p + 17. Is a(-10) a composite number?
False
Suppose 5*q + 21610 = 5*m - 0*m, 5*m + 2*q = 21596. Suppose -2*n - m = -7*n. Suppose 4*r - 1218 = -5*a + 267, -3*r - n = -3*a. Is a prime?
True
Suppose 30705 = -6*j + 134703. Is j prime?
True
Suppose 6*y - 297555 = 5091. Is y a composite number?
False
Suppose 12 = -5*w - 8. Let d = -10 - 2. Is ((-165)/d)/((-1)/w) composite?
True
Suppose -5*r + 19091 = 22*c - 19*c, 0 = -2*r + c + 7632. Is r a composite number?
True
Let j(l) = -l**3 - 10*l**2 - 15*l - 5. Let k be j(-10). Let y = 66 + k. Is y a prime number?
True
Let z = -62 + 67. Let t(i) = -142*i + 1. Let d(y) = -426*y + 2. Let o(r) = 2*d(r) - 7*t(r). Is o(z) composite?
True
Let d = -68 - -18. Let f = d - -319. Suppose 2*j - f = -5*o, 4*o + j - 213 = 1. Is o composite?
False
Let w(m) be the first derivative of -53*m**2/2 + 33*m - 15. Is w(-5) a composite number?
True
Suppose -233072 = -17*k + k. Is k a prime number?
False
Suppose 3*r = -r. Let o = 499 + -499. Suppose o = -3*a - r*a + 1623. Is a a composite number?
False
Let q = -11 + 16. Suppose 0*t + 170 = q*t. Suppose 0 = 5*v - 96 - t. Is v a prime number?
False
Let m be (-11)/(-3) + (-6)/9. Suppose -5*l = m*q - 301, q + 4*q + 77 = l. Let o = 223 - l. Is o prime?
False
Suppose -78*z - 23515 = -83*z. Is z prime?
True
Is (2541 - 219) + -1 + 12 a composite number?
False
Let l(a) = 7*a**2 + 4*a - 1. Let d be l(4). Let f = 45 - d. Let h = f - -197. Is h a prime number?
False
Suppose -b = -p + 3 - 9, -4*p - 6 = 2*b. Suppose b*y + 2312 = 4*u, -u + 3*y + 875 = 306. Is u a composite number?
True
Let x be (20/(-8))/((-1)/10). Suppose -2*k = k - 3*a, a - x = -4*k. Suppose -5*t + 3068 = -3*i, k*t - 5*i + 696 = 3766. Is t a prime number?
True
Let l(i) = 258*i + 51. Let y(q) = -129*q - 26. Let c(s) = -6*l(s) - 11*y(s). Is c(-11) prime?
True
Is (6/(-4))/(60/(-4392280)) prime?
True
Let g(n) = -64*n**3 + 3 + 2*n**2 + 4*n**2 + 48*n**3. Is g(-5) composite?
False
Let p(h) = 59*h + 6*h**2 - 47*h + 19 - 12. Is p(-17) a composite number?
True
Let w(m) = 925*m**3 + 8*m**2 - 2*m + 20. Is w(5) a prime number?
False
Suppose 4*z - z - 4026 = 0. Suppose -i + 2704 = 4*s, 0 = 2*s + 5*i - 2*i - z. Is s a prime number?
True
Let r be (-410)/4 - (-6)/(-4). Let l = r + 183. Is l a composite number?
False
Let i(f) = f**2 - 14*f + 17. Let u be i(13). Suppose 0*j - u*j + 3*y = -149, 36 = j - y. Let n = 153 + j. Is n composite?
True
Let n(x) = 382*x**2 + 45*x - 5. Is n(4) prime?
True
Suppose 2*a + a = -3*o + 1482, -5*a + o + 2494 = 0. Let u = a - 126. Let b = -209 + u. Is b a composite number?
False
Let q(t) = -t**2 + 4*t + 1. Let c be q(3). Suppose c*y - 8 - 4 = 0. Suppose 0 = 2*d + y*d - 20, p = -2*d + 217. Is p a composite number?
True
Let g = 2097 - 3151. Is (-11 + 10)/(2/g) composite?
True
Let n(o) = -165*o + 7. Let w be n(-6). Suppose -6*g = 283 - w. Is g a composite number?
True
Suppose 8*g - 72937 - 48711 = 0. Is g a composite number?
True
Suppose k = b - 1714, -2*k = -3*b + 3338 + 1807. Is b composite?
True
Let z(c) = -c**3 + 5*c**2 + 7*c - 4. Let f be z(6). Suppose 0 = f*y - 2*s + 7*s + 4, s = -2. Suppose 2*n = -y*v + v + 228, -v - 124 = -n. Is n a prime number?
False
Suppose -3*r + 13720 = 4*x, 0*x = x - 5*r - 3453. Is x a prime number?
True
Let j(g) = g + 13. Let f be j(-9). Let h be -2 - (0 + -16)/f. Suppose -h*l + 108 = -40. Is l a prime number?
False
Let y(m) be the third derivative of 49*m**5/15 - m**4/6 - 5*m**3/6 + 16*m**2. Is y(-2) a composite number?
False
Suppose -2*n = -0*n - 28. Suppose 4*h - 12 = 0, 14*p - 13*p + 3*h = -3326